{"id":11,"date":"2014-08-26T12:51:56","date_gmt":"2014-08-26T10:51:56","guid":{"rendered":"http:\/\/www.bialybor.koszalin.opoka.org.pl\/?page_id=11"},"modified":"2026-04-26T10:06:44","modified_gmt":"2026-04-26T08:06:44","slug":"intencje-mszalne","status":"publish","type":"page","link":"http:\/\/www.bialybor.koszalin.opoka.org.pl\/?page_id=11","title":{"rendered":"Intencje mszalne"},"content":{"rendered":"\n<h4><strong>26.04.2026 \u2013 IV Niedziela Wielkanocy<\/strong><\/h4>\n<p style=\"line-height: 1.9;\">\n&nbsp; <strong>8:00<\/strong> ++ Micha\u0142 (10. rocz. \u015bm.), Wiktoria Makarewicz<br>\n&nbsp; <strong>12:00<\/strong> + Jan Bronowicki (4. rocz. \u015bm.), ++ rodzice<br>\n&nbsp; <strong>9:15 <em>S\u0119polno Wielkie<\/em><\/strong> + Jerzy \u017burawik (1. rocz. \u015bm.)<br>\n&nbsp; <strong>10:30 <em>Ko\u0142tki<\/em><\/strong> + Ryszard Rudnik\n<\/p>\n\n<h4>28.04 \u2013 Wtorek<\/h4>\n<p style=\"line-height: 1.9;\">\n&nbsp; <strong>17:00<\/strong> + Marianna Ratajczyk (intencja od wnuczki Jolanty z rodzin\u0105)\n<\/p>\n\n<h4>29.04 \u2013 \u015aroda<\/h4>\n<p style=\"line-height: 1.9;\">\n&nbsp; <strong>17:00<\/strong> ++ Franciszek, Helena Galary, + Wies\u0142aw Kaczarowski\n<\/p>\n\n<h4>30.04 \u2013 Czwartek<\/h4>\n<p style=\"line-height: 1.9;\">\n&nbsp; <strong>17:00<\/strong> + Jerzy Motylewski\n<\/p>\n\n<h4>01.05 \u2013 Pi\u0105tek<\/h4>\n<p style=\"line-height: 1.9;\">\n&nbsp; <strong>17:00<\/strong> + Renata Madej\n<\/p>\n\n<h4>02.05 \u2013 Sobota<\/h4>\n<p style=\"line-height: 1.9;\">\n&nbsp; <strong>8:00<\/strong> + Danuta \u0141uczyk (int. od uczestnik\u00f3w pogrzebu) \u2013 <em>Zmiana tajemnic \u017bywego R\u00f3\u017ca\u0144ca<\/em><br>\n&nbsp; <strong>16:30 <em>Grabowo<\/em><\/strong> ++ Grzegorz (23. rocz. \u015bm.), Pelagia (23. rocz. \u015bm.) Zawitek, ++ rodzice z obojga stron<br>\n&nbsp; <strong>18:00<\/strong> + Ryszard Myszka (urodzinowa)\n<\/p>\n\n<h4><strong>03.05.2026 \u2013 V Niedziela Wielkanocy (Odpust Parafialny)<\/strong><\/h4>\n<p style=\"line-height: 1.9;\">\n&nbsp; <strong>8:00<\/strong> ++ Stanis\u0142aw Lesi\u0144ski, ++ z rodziny Lesi\u0144skich, + \u0141ucjan Gburek<br>\n&nbsp; <strong>12:00<\/strong> Za Parafian \u2013 Gminny Dzie\u0144 Stra\u017caka (w intencji Stra\u017cak\u00f3w)<br>\n&nbsp; <strong>9:15 <em>S\u0119polno Wielkie<\/em><\/strong> ++ z rodziny Le\u015bniewskich<br>\n&nbsp; <strong>10:30 <em>Ko\u0142tki<\/em><\/strong> O Bo\u017ce b\u0142ogos\u0142awie\u0144stwo, opiek\u0119 Anio\u0142a Str\u00f3\u017ca dla Poli z okazji urodzin\n<\/p>\n","protected":false},"excerpt":{"rendered":"<p>26.04.2026 \u2013 IV Niedziela Wielkanocy &nbsp; 8:00 ++ Micha\u0142 (10. rocz. \u015bm.), Wiktoria Makarewicz &nbsp; 12:00 + Jan Bronowicki (4. rocz. \u015bm.), ++ rodzice &nbsp; 9:15 S\u0119polno Wielkie + Jerzy \u017burawik (1. rocz. \u015bm.) &nbsp; 10:30 Ko\u0142tki + Ryszard Rudnik 28.04 \u2013 Wtorek &nbsp; 17:00 + Marianna Ratajczyk (intencja od wnuczki Jolanty z rodzin\u0105) 29.04 &#8230; <span class=\"more\"><a class=\"more-link\" href=\"http:\/\/www.bialybor.koszalin.opoka.org.pl\/?page_id=11\">[Read more&#8230;]<\/a><\/span><\/p>\n","protected":false},"author":1,"featured_media":0,"parent":0,"menu_order":22,"comment_status":"closed","ping_status":"open","template":"page-full-width.php","meta":[],"_links":{"self":[{"href":"http:\/\/www.bialybor.koszalin.opoka.org.pl\/index.php?rest_route=\/wp\/v2\/pages\/11"}],"collection":[{"href":"http:\/\/www.bialybor.koszalin.opoka.org.pl\/index.php?rest_route=\/wp\/v2\/pages"}],"about":[{"href":"http:\/\/www.bialybor.koszalin.opoka.org.pl\/index.php?rest_route=\/wp\/v2\/types\/page"}],"author":[{"embeddable":true,"href":"http:\/\/www.bialybor.koszalin.opoka.org.pl\/index.php?rest_route=\/wp\/v2\/users\/1"}],"replies":[{"embeddable":true,"href":"http:\/\/www.bialybor.koszalin.opoka.org.pl\/index.php?rest_route=%2Fwp%2Fv2%2Fcomments&post=11"}],"version-history":[{"count":639,"href":"http:\/\/www.bialybor.koszalin.opoka.org.pl\/index.php?rest_route=\/wp\/v2\/pages\/11\/revisions"}],"predecessor-version":[{"id":2246,"href":"http:\/\/www.bialybor.koszalin.opoka.org.pl\/index.php?rest_route=\/wp\/v2\/pages\/11\/revisions\/2246"}],"wp:attachment":[{"href":"http:\/\/www.bialybor.koszalin.opoka.org.pl\/index.php?rest_route=%2Fwp%2Fv2%2Fmedia&parent=11"}],"curies":[{"name":"wp","href":"https:\/\/api.w.org\/{rel}","templated":true}]}}

<h4><strong>26.04.2026 – IV Niedziela Wielkanocy</strong></h4>
<p style="line-height: 1.9;">
&nbsp; <strong>8:00</strong> ++ Michał (10. rocz. śm.), Wiktoria Makarewicz<br>
&nbsp; <strong>12:00</strong> + Jan Bronowicki (4. rocz. śm.), ++ rodzice<br>
&nbsp; <strong>9:15 <em>Sępolno Wielkie</em></strong> + Jerzy Żurawik (1. rocz. śm.)<br>
&nbsp; <strong>10:30 <em>Kołtki</em></strong> + Ryszard Rudnik
</p>

<h4>28.04 – Wtorek</h4>
<p style="line-height: 1.9;">
&nbsp; <strong>17:00</strong> + Marianna Ratajczyk (intencja od wnuczki Jolanty z rodziną)
</p>

<h4>29.04 – Środa</h4>
<p style="line-height: 1.9;">
&nbsp; <strong>17:00</strong> ++ Franciszek, Helena Galary, + Wiesław Kaczarowski
</p>

<h4>30.04 – Czwartek</h4>
<p style="line-height: 1.9;">
&nbsp; <strong>17:00</strong> + Jerzy Motylewski
</p>

<h4>01.05 – Piątek</h4>
<p style="line-height: 1.9;">
&nbsp; <strong>17:00</strong> + Renata Madej
</p>

<h4>02.05 – Sobota</h4>
<p style="line-height: 1.9;">
&nbsp; <strong>8:00</strong> + Danuta Łuczyk (int. od uczestników pogrzebu) – <em>Zmiana tajemnic Żywego Różańca</em><br>
&nbsp; <strong>16:30 <em>Grabowo</em></strong> ++ Grzegorz (23. rocz. śm.), Pelagia (23. rocz. śm.) Zawitek, ++ rodzice z obojga stron<br>
&nbsp; <strong>18:00</strong> + Ryszard Myszka (urodzinowa)
</p>

<h4><strong>03.05.2026 – V Niedziela Wielkanocy (Odpust Parafialny)</strong></h4>
<p style="line-height: 1.9;">
&nbsp; <strong>8:00</strong> ++ Stanisław Lesiński, ++ z rodziny Lesińskich, + Łucjan Gburek<br>
&nbsp; <strong>12:00</strong> Za Parafian – Gminny Dzień Strażaka (w intencji Strażaków)<br>
&nbsp; <strong>9:15 <em>Sępolno Wielkie</em></strong> ++ z rodziny Leśniewskich<br>
&nbsp; <strong>10:30 <em>Kołtki</em></strong> O Boże błogosławieństwo, opiekę Anioła Stróża dla Poli z okazji urodzin
</p>

<p>26.04.2026 – IV Niedziela Wielkanocy &nbsp; 8:00 ++ Michał (10. rocz. śm.), Wiktoria Makarewicz &nbsp; 12:00 + Jan Bronowicki (4. rocz. śm.), ++ rodzice &nbsp; 9:15 Sępolno Wielkie + Jerzy Żurawik (1. rocz. śm.) &nbsp; 10:30 Kołtki + Ryszard Rudnik 28.04 – Wtorek &nbsp; 17:00 + Marianna Ratajczyk (intencja od wnuczki Jolanty z rodziną) 29.04 &#8230; <span class="more"><a class="more-link" href="http://www.bialybor.koszalin.opoka.org.pl/?page_id=11">[Read more&#8230;]</a></span></p>
