{"id":14,"date":"2014-08-26T12:59:12","date_gmt":"2014-08-26T10:59:12","guid":{"rendered":"http:\/\/www.bialybor.koszalin.opoka.org.pl\/?page_id=14"},"modified":"2025-06-29T23:31:19","modified_gmt":"2025-06-29T21:31:19","slug":"dane","status":"publish","type":"page","link":"http:\/\/www.bialybor.koszalin.opoka.org.pl\/?page_id=14","title":{"rendered":"Dane"},"content":{"rendered":"\n<p><strong>1. Adres parafii:<\/strong><br>\nParafia Rzymskokatolicka pw. Naj\u015bwi\u0119tszej Maryi Panny Kr\u00f3lowej Polski<br>\nPl. Jana Paw\u0142a II 1A<br>\n78-425 Bia\u0142y B\u00f3r<\/p>\n\n<p><strong>2. Telefony:<\/strong><br>\nks. Piotr Flis \u2013 <a href=\"tel:+48517034531\">+48 517 034 531<\/a><br>\n\n<p><strong>3. E-mail:<\/strong><br>\n<a href=\"mailto:piotr-flis@wp.pl\">piotr-flis@wp.pl<\/a><\/p>\n\n<p><strong>4. Konto parafii:<\/strong><br>\nParafia Rzymskokatolicka pw. NMP Kr\u00f3lowej Polski<br>\nPl. Jana Paw\u0142a II 1A<br>\n78-425 Bia\u0142y B\u00f3r<br><br>\nPKO BP I\/O Szczecinek:<br>\n<strong>32 1020 2791 0000 7802 0060 3647<\/strong><br><br>\nlub Komitet Budowy Ko\u015bcio\u0142a Bia\u0142y B\u00f3r:<br>\n<strong>71 9317 1025 1300 1922 2000 0001<\/strong><\/p>\n\n<p><strong>5. NIP:<\/strong> 673-17-22-403<\/p>\n\n<p><strong>6. REGON:<\/strong> 040018397<\/p>\n","protected":false},"excerpt":{"rendered":"<p>1. Adres parafii: Parafia Rzymskokatolicka pw. Naj\u015bwi\u0119tszej Maryi Panny Kr\u00f3lowej Polski Pl. Jana Paw\u0142a II 1A 78-425 Bia\u0142y B\u00f3r 2. Telefony: ks. Piotr Flis \u2013 +48 517 034 531 3. E-mail: piotr-flis@wp.pl 4. Konto parafii: Parafia Rzymskokatolicka pw. NMP Kr\u00f3lowej Polski Pl. Jana Paw\u0142a II 1A 78-425 Bia\u0142y B\u00f3r PKO BP I\/O Szczecinek: 32 1020 &#8230; <span class=\"more\"><a class=\"more-link\" href=\"http:\/\/www.bialybor.koszalin.opoka.org.pl\/?page_id=14\">[Read more&#8230;]<\/a><\/span><\/p>\n","protected":false},"author":1,"featured_media":0,"parent":0,"menu_order":33,"comment_status":"closed","ping_status":"open","template":"page-full-width.php","meta":[],"_links":{"self":[{"href":"http:\/\/www.bialybor.koszalin.opoka.org.pl\/index.php?rest_route=\/wp\/v2\/pages\/14"}],"collection":[{"href":"http:\/\/www.bialybor.koszalin.opoka.org.pl\/index.php?rest_route=\/wp\/v2\/pages"}],"about":[{"href":"http:\/\/www.bialybor.koszalin.opoka.org.pl\/index.php?rest_route=\/wp\/v2\/types\/page"}],"author":[{"embeddable":true,"href":"http:\/\/www.bialybor.koszalin.opoka.org.pl\/index.php?rest_route=\/wp\/v2\/users\/1"}],"replies":[{"embeddable":true,"href":"http:\/\/www.bialybor.koszalin.opoka.org.pl\/index.php?rest_route=%2Fwp%2Fv2%2Fcomments&post=14"}],"version-history":[{"count":10,"href":"http:\/\/www.bialybor.koszalin.opoka.org.pl\/index.php?rest_route=\/wp\/v2\/pages\/14\/revisions"}],"predecessor-version":[{"id":2087,"href":"http:\/\/www.bialybor.koszalin.opoka.org.pl\/index.php?rest_route=\/wp\/v2\/pages\/14\/revisions\/2087"}],"wp:attachment":[{"href":"http:\/\/www.bialybor.koszalin.opoka.org.pl\/index.php?rest_route=%2Fwp%2Fv2%2Fmedia&parent=14"}],"curies":[{"name":"wp","href":"https:\/\/api.w.org\/{rel}","templated":true}]}}