{"id":7,"date":"2014-08-26T12:45:47","date_gmt":"2014-08-26T10:45:47","guid":{"rendered":"http:\/\/www.bialybor.koszalin.opoka.org.pl\/?page_id=7"},"modified":"2026-05-03T19:06:37","modified_gmt":"2026-05-03T17:06:37","slug":"ogloszenia","status":"publish","type":"page","link":"http:\/\/www.bialybor.koszalin.opoka.org.pl\/","title":{"rendered":"Og\u0142oszenia"},"content":{"rendered":"\n<h4><strong>V Niedziela Wielkanocy \u2013 03.05.2026<\/strong><\/h4>\n\n<p style=\"line-height: 1.9;\"><strong>Miesi\u0105c maj:<\/strong> Trwa szczeg\u00f3lny czas po\u015bwi\u0119cony modlitwie ku czci Matki Bo\u017cej. Nabo\u017ce\u0144stwa majowe odprawiane s\u0105 w \u015brod\u0119, czwartek i pi\u0105tek o godz. 16:30, a w sobot\u0119 i niedziel\u0119 o 7:30.<\/p>\n\n<p style=\"line-height: 1.9;\"><strong>We wtorek<\/strong> wyj\u0105tkowo (z powodu wyjazdu do Gda\u0144ska) Msza \u015awi\u0119ta tylko o godz. 7:00. Przed Msz\u0105 odm\u00f3wimy Litani\u0119 Loreta\u0144sk\u0105.<\/p>\n\n<p style=\"line-height: 1.9;\"><strong>W pi\u0105tek (Uroczysto\u015b\u0107 \u015bw. Stanis\u0142awa):<\/strong> Obchodzimy uroczysto\u015b\u0107 patrona Polski, dlatego w tym dniu nie obowi\u0105zuje wstrzemi\u0119\u017aliwo\u015b\u0107 od pokarm\u00f3w mi\u0119snych. \n<br>\u2013 O godz. <strong>18:00<\/strong> odb\u0119dzie si\u0119 Msza \u015awi\u0119ta <strong>w Ko\u0142tkach<\/strong> w ko\u015bciele pw. \u015bw. Stanis\u0142awa. B\u0119dziemy modli\u0107 si\u0119 za mieszka\u0144c\u00f3w so\u0142ectwa Ko\u0142tki i wszystkich, kt\u00f3rzy modl\u0105 si\u0119 w tamtejszym ko\u015bciele. Serdecznie zapraszam.<\/p>\n\n<p style=\"line-height: 1.9;\"><strong>Za tydzie\u0144 w niedziel\u0119:<\/strong>\n<br>\u2013 na Mszy \u015awi\u0119tej o godz. 12:00 po\u015bwi\u0119cenie medalik\u00f3w i krzy\u017cyk\u00f3w dla dzieci pierwszokomunijnych, a po Mszy \u015awi\u0119tej spotkanie,\n<br>\u2013 przypada II niedziela miesi\u0105ca \u2013 zbi\u00f3rka na cele inwestycyjne. Za ka\u017cd\u0105 z\u0142o\u017con\u0105 dodatkow\u0105 ofiar\u0119 sk\u0142adam serdeczne B\u00f3g zap\u0142a\u0107.<\/p>\n\n<p style=\"line-height: 1.9;\"><strong>Podzi\u0119kowania:<\/strong> Bardzo serdecznie dzi\u0119kuj\u0119 Drodzy Parafianie i Szanowni Go\u015bcie za Wasz\u0105 trosk\u0119 o nasz\u0105 parafi\u0119: za przygotowanie \u015bwi\u0105tyni do prze\u017cywania Dnia Pa\u0144skiego, a tak\u017ce za wsparcie modlitewne i materialne (ofiary wp\u0142acane na konto, sk\u0142adane w kopertach i na tac\u0119).<\/p>\n\n<p style=\"line-height: 1.9;\"><strong>\u017byczenia:<\/strong> Wszystkim Parafianom i Go\u015bciom \u017cycz\u0119 b\u0142ogos\u0142awionego, zdrowego tygodnia.<\/p>\n\n<br><br>\n<p style=\"text-align:right;\"><strong>Ks. Piotr Flis<\/strong><\/p>\n\n\n\n<p class=\"has-text-align-right\"><\/p>\n\n\n\n<p><\/p>\n","protected":false},"excerpt":{"rendered":"<p>V Niedziela Wielkanocy \u2013 03.05.2026 Miesi\u0105c maj: Trwa szczeg\u00f3lny czas po\u015bwi\u0119cony modlitwie ku czci Matki Bo\u017cej. Nabo\u017ce\u0144stwa majowe odprawiane s\u0105 w \u015brod\u0119, czwartek i pi\u0105tek o godz. 16:30, a w sobot\u0119 i niedziel\u0119 o 7:30. We wtorek wyj\u0105tkowo (z powodu wyjazdu do Gda\u0144ska) Msza \u015awi\u0119ta tylko o godz. 7:00. Przed Msz\u0105 odm\u00f3wimy Litani\u0119 Loreta\u0144sk\u0105. W &#8230; <span class=\"more\"><a class=\"more-link\" href=\"http:\/\/www.bialybor.koszalin.opoka.org.pl\/\">[Read more&#8230;]<\/a><\/span><\/p>\n","protected":false},"author":1,"featured_media":0,"parent":0,"menu_order":7,"comment_status":"closed","ping_status":"open","template":"page-full-width.php","meta":[],"_links":{"self":[{"href":"http:\/\/www.bialybor.koszalin.opoka.org.pl\/index.php?rest_route=\/wp\/v2\/pages\/7"}],"collection":[{"href":"http:\/\/www.bialybor.koszalin.opoka.org.pl\/index.php?rest_route=\/wp\/v2\/pages"}],"about":[{"href":"http:\/\/www.bialybor.koszalin.opoka.org.pl\/index.php?rest_route=\/wp\/v2\/types\/page"}],"author":[{"embeddable":true,"href":"http:\/\/www.bialybor.koszalin.opoka.org.pl\/index.php?rest_route=\/wp\/v2\/users\/1"}],"replies":[{"embeddable":true,"href":"http:\/\/www.bialybor.koszalin.opoka.org.pl\/index.php?rest_route=%2Fwp%2Fv2%2Fcomments&post=7"}],"version-history":[{"count":715,"href":"http:\/\/www.bialybor.koszalin.opoka.org.pl\/index.php?rest_route=\/wp\/v2\/pages\/7\/revisions"}],"predecessor-version":[{"id":2250,"href":"http:\/\/www.bialybor.koszalin.opoka.org.pl\/index.php?rest_route=\/wp\/v2\/pages\/7\/revisions\/2250"}],"wp:attachment":[{"href":"http:\/\/www.bialybor.koszalin.opoka.org.pl\/index.php?rest_route=%2Fwp%2Fv2%2Fmedia&parent=7"}],"curies":[{"name":"wp","href":"https:\/\/api.w.org\/{rel}","templated":true}]}}